{"id":7516,"date":"2015-04-04T22:12:33","date_gmt":"2015-04-04T20:12:33","guid":{"rendered":"http:\/\/hundund.net\/?page_id=7516"},"modified":"2017-02-07T09:23:43","modified_gmt":"2017-02-07T09:23:43","slug":"sporthunde","status":"publish","type":"page","link":"https:\/\/www.hundund.net\/?page_id=7516","title":{"rendered":"Sporthunde"},"content":{"rendered":"<h2><span style=\"color: #006eb2;\">Sportler<\/span><\/h2>\n<p>Sporthunde sind nat\u00fcrlich aktiv und aufmerksam, sympathisch, gut abgerundete Begleiter die regelm\u00e4\u00dfige Bewegung fordern. Die Mitglieder dieser Gruppe sind Pointer, Retriever, Setter und Spaniels. Diese Rassen zeichnen sich durch ihre Instinkte in Wald und Wasser aus. Viele dieser Rassen werden immer noch aktiv in der Jagd und anderen Feldaktivit\u00e4ten verwendet. Diese Hunde bringen die speziellen Veranlagungen und F\u00e4higkeiten mit, die sie von einem Sportpartner erwarten. Als Besitzer eines Sporthundes m\u00fcssen Sie erkennen, dass die meisten regelm\u00e4\u00dfige Bewegung erfordern.<br \/>\n&nbsp;<\/p>\n","protected":false},"excerpt":{"rendered":"<p>Sportler Sporthunde sind nat\u00fcrlich aktiv und aufmerksam, sympathisch, gut abgerundete Begleiter die regelm\u00e4\u00dfige Bewegung fordern. Die Mitglieder dieser Gruppe sind Pointer, Retriever, Setter und Spaniels. Diese Rassen zeichnen sich durch ihre Instinkte in Wald und Wasser aus. Viele dieser Rassen werden immer noch aktiv in der Jagd und anderen Feldaktivit\u00e4ten verwendet. Diese Hunde bringen die [&hellip;]<\/p>\n","protected":false},"author":1,"featured_media":0,"parent":0,"menu_order":0,"comment_status":"open","ping_status":"open","template":"page-portfolio.php","meta":{"footnotes":""},"class_list":["post-7516","page","type-page","status-publish","hentry"],"_links":{"self":[{"href":"https:\/\/www.hundund.net\/index.php?rest_route=\/wp\/v2\/pages\/7516","targetHints":{"allow":["GET"]}}],"collection":[{"href":"https:\/\/www.hundund.net\/index.php?rest_route=\/wp\/v2\/pages"}],"about":[{"href":"https:\/\/www.hundund.net\/index.php?rest_route=\/wp\/v2\/types\/page"}],"author":[{"embeddable":true,"href":"https:\/\/www.hundund.net\/index.php?rest_route=\/wp\/v2\/users\/1"}],"replies":[{"embeddable":true,"href":"https:\/\/www.hundund.net\/index.php?rest_route=%2Fwp%2Fv2%2Fcomments&post=7516"}],"version-history":[{"count":1,"href":"https:\/\/www.hundund.net\/index.php?rest_route=\/wp\/v2\/pages\/7516\/revisions"}],"predecessor-version":[{"id":14274,"href":"https:\/\/www.hundund.net\/index.php?rest_route=\/wp\/v2\/pages\/7516\/revisions\/14274"}],"wp:attachment":[{"href":"https:\/\/www.hundund.net\/index.php?rest_route=%2Fwp%2Fv2%2Fmedia&parent=7516"}],"curies":[{"name":"wp","href":"https:\/\/api.w.org\/{rel}","templated":true}]}}